3
Let s(z) = 109*z**2 - 9*z - 76. Let t(j) = -127*j**2 + 10*j + 89. Let d(x) = 7*s(x) + 6*t(x). Let i = 9 - 4. Give d(i).
12
Let r(q) = -10*q + 0 + 4 - 3 + q**2 + 12*q. What is r(-6)?
25
Let f be -1*(5 + -2)*19/((-114)/(-4)). Let y(m) = 19*m + 29. What is y(f)?
-9
Suppose 3*j + 5*o = -15, 0 = -5*j - o - 68 + 87. Let r(l) = l**2 + 12*l - 84. What is r(j)?
1
Let f(y) = y**2 - 14*y - 25. Let l be (14*1)/(146 - 145). Give f(l).
-25
Let u(z) = 3*z**3 - 3*z**2 + 11*z + 3. Let q(n) = 5*n**3 - n**2 + 12*n + 3. Let r(j) = -2*q(j) + 3*u(j). Give r(-8).
-5
Suppose 0 = 31*g + 7 - 69. Let a(p) = 5*p**3 + 42591 - 4*p**3 - 42598 - 8*p**g. Give a(8).
-7
Let d(g) = 15*g - 598. Let c be d(40). Let j(f) be the third derivative of 1/2*f**3 + 0*f + 0 + 11*f**c + 1/12*f**4. Give j(-2).
-1
Let x(l) = -l**2 - 16*l - 28. Let i be x(-2). Let u(z) = 0*z - 10 + 2 - 2*z - 9 + i. What is u(-8)?
-1
Let h(u) = -u**2 + 23*u - 103. Suppose 2*w - 17 + 19 = -4*p, 0 = w - 4*p - 47. Calculate h(w).
17
Let i(c) be the first derivative of 2*c**2 - 6*c - 53. Let z(o) = 15 - 4*o + 0*o - 3*o - 3. Let y(v) = 5*i(v) + 3*z(v). Give y(8).
-2
Let t(z) be the third derivative of 13*z**4/24 + 11*z**3/2 - 2270*z**2 - 2*z. Give t(-5).
-32
Let a(n) be the third derivative of n**5/60 - 49*n**4/24 - 230*n**3/3 + 9*n**2 - 73*n. Calculate a(-8).
-4
Suppose 108 = 4*y + 4*d, -6*y + 105 = -2*y + d. Suppose 10*i - 4*n - y = 9*i, -7 = -2*i - n. Suppose j - i = -8. Let k(v) = v**2 + 2*v. Calculate k(j).
0
Let n = 299 - 304. Let v be n + 4/((-12)/(-27)). Let o(y) = 3*y + 1. Give o(v).
13
Let o(l) = -2*l**2 - 18*l - 7. Let f(t) = -4*t**2 - 38*t - 16. Let j(b) = 4*f(b) - 9*o(b). What is j(-10)?
99
Let c(z) = -26*z + 78. Let s = -4557 - -4560. Give c(s).
0
Let b(u) = 89464602 + u - 89464602 + 16*u**2. Calculate b(-1).
15
Let q(t) = t**2 - 2*t - 3. Let g = 54 - 60. Let p be 54/12*(-32)/g. Let k be p/5 + (-2)/(-10). What is q(k)?
12
Let t(s) be the first derivative of 8/3*s**3 + 7/2*s**2 + 1/4*s**4 + 10*s - 63. What is t(-7)?
10
Let u(w) = 76 + 3*w - 7*w + 3*w - 3*w. Let n be u(18). Let a(p) = p**3 - 5*p**2 + 4*p + 3. Calculate a(n).
3
Let o(h) be the second derivative of h**3/6 - 4*h**2 + 15*h - 2213. Let z = 10 - 2. Give o(z).
0
Let w(p) = -15*p**2 - 14*p + 23. Let b(n) = 309*n + 929. Let c be b(-3). What is w(c)?
-65
Let y(c) = -c**2 - 5*c - 1. Suppose -3*z + 5 = q + 3, 3*q - 6 = -3*z. Let v(s) = 2 - 3 + z - 4 - s. Let h be v(-3). What is y(h)?
5
Let u(g) be the first derivative of g**4/4 - 5*g**3/3 - 5*g**2 - 2*g + 6134. Determine u(5).
-52
Let a(j) = -17 - 2*j - 15 + 30 - 4*j**2. Let w = 65 - 107. Let x = w + 40. Determine a(x).
-14
Let r(y) = 8*y**2 - y + 15*y - 8*y - 4 - 3*y. Calculate r(1).
7
Let s(p) = -4*p**2 - 36*p - 3. Let d(x) = -x**2 + 9*x + 43. Let t be d(13). Determine s(t).
-3
Suppose -16 + 7 = -m. Let p be 6/10 - m/15. Suppose 11*u - 6*u + 5 = p. Let a(h) = -h**2 + h + 1. Give a(u).
-1
Let f(d) = 23*d**2 - 22*d - 7. Let s(p) = -14*p**2 + 12*p + 3. Let r(t) = 3*f(t) + 5*s(t). Suppose -2*c - 1 = 4*m + 3, -2*c - 5*m - 2 = 0. Determine r(c).
-6
Let q(k) = 30*k**2 + 43*k + 16. Let v(t) = 29*t**2 + 35*t + 14. Let a(c) = -5*q(c) + 6*v(c). Calculate a(2).
90
Let t(q) = q**3 - 8*q**2 + 17*q - 24. Let o be t(5). Let f(n) = 4*n + 24. Give f(o).
-32
Suppose -241*h - 5 = -237*h - p, 5*p + 9 = 3*h. Let c(k) = k**3 + 3*k**2 + 4*k. Determine c(h).
-4
Let g(i) = -23*i - 77. Suppose 2585*y + 186 = 2523*y. Give g(y).
-8
Let a(n) = 2*n**3 + 8*n**2 + 3*n - 3. Suppose -4*z + 4 = 2 + 14. Give a(z).
6
Let q be (-10)/(-20) - (-15)/(-2). Suppose 5*d = 5*h - 2*h - 2, -h = -2*d. Let a(t) = -7*t - 98 + 90 + h*t. Calculate a(q).
13
Let n(k) = -k**2 - 12*k - 16. Let w be 217/35*10/(-6) + 2/6. Determine n(w).
4
Let q(v) = -v - 21. Let o be -37 + (-79 - 1)/(-8). Calculate q(o).
6
Let v(h) = -h**2 - h + 2. Suppose -19*z + 22*z - 3 = 0. Let g(n) = 0 - z + 38*n + n**2 - n**3 - 31*n. Let x be g(3). What is v(x)?
-4
Let f(a) = a**2 - 7*a + 17. Suppose 28*u + 95*u = 26*u. Give f(u).
17
Let x(q) be the second derivative of -q**7/280 - q**5/60 - q**4/12 + 10*q**3/3 - 2*q - 54. Let j(f) be the second derivative of x(f). Calculate j(-1).
3
Suppose -96*c + 215 = -1801. Let m(r) = -r**3 + 20*r**2 + 20*r + 4. Give m(c).
-17
Let p(f) = f**2 + f - 8*f + 0*f. Suppose 115*c = 112*c + 6. Suppose -2*a = -7*a + c*w + 43, 20 = -5*w. Give p(a).
0
Suppose -8*y = -16*y - 72. Let g(h) be the third derivative of h**4/8 + 5*h**3/3 + 17*h**2. Give g(y).
-17
Let n(f) = -11*f**2 + 11*f - 12. Let r(q) = 13*q**2 - 14*q + 15. Let s(t) = -6*n(t) - 5*r(t). Calculate s(-8).
29
Let z(b) = 2*b**2 - 2*b - 2. Suppose 12*g - 8*g = 4, 3*x = 4*g + 17. Suppose -l - 7 = r, 4*l - x*r + 3*r = 12. Determine z(l).
10
Suppose -4*o + 10 = -6, -2*w - o + 56 = 0. Let l(z) = -5*z**2 + 3*z**3 + 1 + z + 8*z**3 - w*z**3 + 14*z**3. Determine l(-5).
-4
Let p(h) = -2*h. Let o(i) = -i**3 - 18*i**2 - 47*i - 20. Let v be o(-15). Suppose v + 11 = 7*m. Suppose m*d + 4 = r, 0 = 3*d + 5 + 1. Calculate p(r).
4
Let a(d) = d + 30 - 69 + 17 + 37. Determine a(-5).
10
Let g(x) be the first derivative of x**4/4 - 5*x**3/3 + 3*x**2/2 + 2*x - 5582. Calculate g(3).
-7
Let s(d) = d**2 + 8*d - 7. Let l = -3178 - -3169. Determine s(l).
2
Let r(q) = -q**3 - 108*q**2 + 3*q + 308. Let b be r(-108). Let w(n) = 3*n**2 + 48*n + 4. Calculate w(b).
4
Let x(p) = p**3 - 19*p**2 + 79*p + 3. Let k be x(6). Let i(o) = 4*o**2 - 36*o - 6. Determine i(k).
-6
Let q(i) = -4*i - 6*i + 1 - i**2 - 2. Let j(s) = 6*s**3 + 9*s**2 - 26*s - 12. Let m be j(4). Let p = 406 - m. What is q(p)?
23
Let a(d) = 3*d - 2. Suppose 0*g - 4*r + 26 = 2*g, 0 = -3*g + 5*r - 16. Suppose 0 = -v + g - 23. Let m = v - -23. Determine a(m).
7
Suppose -j + 11 - 12 = 0. Let f be j*12/(-54)*-9. Let g(v) = 5*v**2 + 2*v - 2. Give g(f).
14
Let c(d) be the second derivative of -d**5/20 - d**4/3 + 35*d**3/6 + 9*d**2/2 - 6194*d. Determine c(-8).
-15
Let y(b) = -3*b**2 + 17*b - 23. Let c = -24406 - -24414. Determine y(c).
-79
Let f(l) = -l**3 - 14*l**2 - 18*l - 65. Let u(k) = 39*k - 754. Let w be u(19). What is f(w)?
0
Let k(i) = i**3 + i - 1. Suppose 3*j + 18 = -24. Let z be (52/(-3))/(j/(-63)). Let x = 79 + z. What is k(x)?
1
Let m(a) be the third derivative of -11/6*a**3 + 1/12*a**4 + 0*a - 11*a**2 - 2. Determine m(10).
9
Let w(u) be the third derivative of u**5/60 + u**4/8 + 275*u**2. Give w(0).
0
Let q(y) = -3*y**2 + 2*y + 88. Let h(w) = -4*w**2 + w + 90. Let d(t) = 2*h(t) - 3*q(t). Calculate d(12).
12
Suppose 2*d - 2*k = -5*k - 89, 5*k = 15. Let g = -50 - d. Let l(w) = 3*w**2 - 6*w - 6. Let q(s) = -s**2 - s - 1. Let b(f) = g*l(f) - 4*q(f). What is b(-7)?
-11
Let c(t) = -2*t - 2. Let d = -3591 - -3595. Calculate c(d).
-10
Let m(d) = 5*d**2 + 8*d - 5. Let f(c) = -3*c**2 - 1. Let r(t) = -f(t) - m(t). Calculate r(-7).
-36
Let q(n) = -n + 16. Suppose -150*p + 756 = -213*p. Determine q(p).
28
Let u(c) be the first derivative of c**3 - 2*c**2 - 3*c - 4. Let h be 5 + 2 + 882/(-98). Determine u(h).
17
Let n(k) be the second derivative of -k**5/60 - k**4/6 + k**3/3 - k**2 + 5*k. Let a(v) be the first derivative of n(v). Let q = -19 - -16. Give a(q).
5
Suppose 31*v - 93 = -0. Suppose -2 = -2*o + p, 40*o - v*p - 6 = 37*o. Let s(i) = -i**2 + 6. What is s(o)?
6
Let t(c) be the third derivative of 1/6*c**3 + 0 + 1/24*c**4 - 2/15*c**5 - 15*c**2 - 1/120*c**6 + 0*c. What is t(-8)?
-7
Suppose 7*z + 12 = -2. Let p(n) = -12*n**3 - 11*n**2 - 2*n - 13. Let u(x) = -5*x**3 - 6*x**2 - x - 6. Let b(v) = z*p(v) + 5*u(v). What is b(-8)?
4
Let d be -258 - 4/(-4 - 96/(-20)). Let g = d + 260. Let z(k) = -2*k**3 - 4*k**2 - 1. Give z(g).
17
Let r be ((-2)/(-4))/(6/(-876)). Suppose -150 = a - 3*a + n, 2*a - 142 = 3*n. Let l = a + r. Let i(z) = z - 3. What is i(l)?
1
Suppose 2*m - f - 11 = -9, -m + 5*f = -1. Let i(l) = -70*l**3 + 3*l**2 - 4*l + 2. Give i(m).
-69
Let z(k) = -5*k**3 - 1. Let r = 18 - 17. Let d(j) = -2 + 1 + 2 + r + j. Let f be d(-1). What is z(f)?
-6
Let d(a) = 21*a - 80. Suppose -4*k = -5*v + 33, -2*k + 1371 - 1360 = 3*v. What is d(v)?
25
Let g(v) = v + 9. Let q be ((-4)/6)/(24/216). Let z be g(q). Let j(h) = -17 - h + 20 + z*h. Determine j(5).
13
Let j(b) = -4*b**3 + 17*b**2 - 6. Let s(u) = 5*u**3 - 19*u**2 + 6. Let w(z) = -6*j(z) - 5*s(z). Suppose 0 = -2*q - q - 21. W